

{"id":9,"date":"2021-12-12T19:24:45","date_gmt":"2021-12-12T18:24:45","guid":{"rendered":"https:\/\/testen-queichheim.de\/?page_id=9"},"modified":"2023-03-01T14:36:55","modified_gmt":"2023-03-01T13:36:55","slug":"das-testzentrum","status":"publish","type":"page","link":"https:\/\/testen-queichheim.de\/","title":{"rendered":"Willkommen"},"content":{"rendered":"\n<h3 class=\"has-text-align-center\" id=\"bei-der-teststation-am-sportplatz-queichheim\">bei der Teststation &#8220;Am Sportplatz&#8221; in Queichheim<\/h3>\n\n\n\n<p class=\"has-small-font-size\"><br><\/p>\n\n\n\n<p class=\"has-small-font-size\">Ab 01.03.2023 entf\u00e4llt die Testpflicht f\u00fcr Besucher im Krankenhaus und Pflegeheime. Wer jedoch trotzdem sicher gehen will und seine Liebenden nicht anstecken oder sch\u00fctzen mag, kann gerne ab 01.03.2023 weiterhin zu uns kommen und zum Selbstkostenbeitrag von 10 Euro einen Test mit Nachweis bekommen.<\/p>\n\n\n\n<p>\u00d6ffnungszeiten diese Woche sind von<br>8-16 Uhr<\/p>\n\n\n\n<p>Termine au\u00dferhalb der \u00d6ffnungszeiten nach telefonischer Vereinbarung m\u00f6glich<\/p>\n\n\n\n<p>+49 157 36163279<\/p>\n\n\n\n<p>Liebe Gr\u00fc\u00dfe<\/p>\n\n\n\n<p>Eure Teststation am Sportplatz in Queichheim<\/p>\n\n\n\n<p><\/p>\n\n\n\n<p><\/p>\n\n\n\n<p> <\/p>\n\n\n\n<p><\/p>\n\n\n\n<p><\/p>\n\n\n\n<p><\/p>\n\n\n\n<h2 class=\"has-text-color\" id=\"achtung\" style=\"color:#fa0202\"> <\/h2>\n\n\n\n<p><\/p>\n\n\n\n<p><\/p>\n\n\n\n<p><\/p>\n\n\n\n<p><\/p>\n\n\n\n<h3 id=\"unsere-leistungen\">Unsere Leistungen:<\/h3>\n\n\n\n<ul>\n<li>Wir f\u00fchren SARS-CoV-2 Antigen Schnelltests durch, die dem aktuellen Stand der Technik entsprechen.<\/li>\n\n\n\n<li>F\u00fcr unsere Kleinen bieten wir Zungen-\/Nasentests an.<\/li>\n\n\n\n<li>Alle Tests werden durch unser geschultes Personal durchgef\u00fchrt.<\/li>\n\n\n\n<li>Sie erhalten ein anerkanntes Testzertifikat per E-Mail oder als Sofortausdruck zum Mitnehmen.<\/li>\n<\/ul>\n\n\n\n<h3 id=\"offnungszeiten\">\u00d6ffnungszeiten:<\/h3>\n\n\n\n<figure class=\"wp-block-table\"><table class=\"has-fixed-layout\"><tbody><tr><td>Montag<\/td><td>8:00 &#8211; 19:00 Uhr<\/td><\/tr><tr><td>Dienstag<\/td><td> 8:00 &#8211; 19:00 Uhr <\/td><\/tr><tr><td>Mittwoch<\/td><td> 8:00 &#8211; 16:00 Uhr <\/td><\/tr><tr><td>Donnerstag<\/td><td> 8:00 &#8211; 16:00 Uhr  <\/td><\/tr><tr><td>Freitag<\/td><td> 8:00 &#8211; 16:00 Uhr <\/td><\/tr><tr><td>Samstag<\/td><td> auf Anfrage <\/td><\/tr><tr><td>Sonntag<\/td><td> auf Anfrage <\/td><\/tr><\/tbody><\/table><\/figure>\n\n\n\n<h3 id=\"zusatzliche-informationen\">Zus\u00e4tzliche Informationen<\/h3>\n\n\n\n<ul>\n<li>Jedes Testergebnis ist 24 Stunden g\u00fcltig<\/li>\n\n\n\n<li>Das Testergebnis erhalten Sie schnell und einfach per E-Mail oder als Ausdruck vor Ort (Wartezeit ca. 15 Minuten)<\/li>\n\n\n\n<li>Bei Fragen, Feedback oder W\u00fcnschen sind wir gerne f\u00fcr Sie da. Wenden Sie sich bitte per E-Mail an info@testen-landau.de oder Sie erreichen uns telefonisch unter 0157-36163279<\/li>\n<\/ul>\n\n\n\n<p>Adresse: Zum Queichanger 23 in 76829 Landau<\/p>\n\n\n\n\n\t\t\t\t<div id=\"map_ol3js_1\" class=\"map undefined\" data-map_name=\"undefined\" data-map=\"map_ol3js_1\" style=\"width:100%; max-width:100%; height:450px; display:block; overflow:hidden;border:thin solid grey;\" >\n\t\t\t\t  <div id=\"map_ol3js_1_popup\" class=\"ol-popup\" >\n\t\t\t\t\t<a href=\"#\" id=\"map_ol3js_1_popup-closer\" class=\"ol-popup-closer\"><\/a>\n\t\t\t\t\t<div id=\"map_ol3js_1_popup-content\" ><\/div>\n\t\t\t\t  <\/div>\n\t\t\t\t<\/div>\n\t\t\t\n\t\t\t\t<link rel=\"stylesheet\" href=\"https:\/\/testen-queichheim.de\/wp-content\/plugins\/osm\/js\/OL\/7.1.0\/ol.css?ver=7.1.0\" type=\"text\/css\">\n\t\t\t\t<link rel=\"stylesheet\" href=\"https:\/\/testen-queichheim.de\/wp-content\/plugins\/osm\/css\/osm_map_v3.css?ver=1.0.0\" type=\"text\/css\">\n\t\t\t\t<link rel=\"stylesheet\" href=\"https:\/\/testen-queichheim.de\/wp-content\/plugins\/osm\/css\/osm_map.css?ver=1.0.0\" type=\"text\/css\">\n\t\t\t\t<!-- The line below is only needed for old environments like Internet Explorer and Android 4.x -->\n                                <script src=\"https:\/\/testen-queichheim.de\/wp-content\/plugins\/osm\/js\/polyfill\/v2\/polyfill.min.js?features=requestAnimationFrame,Element.prototype.classList,URL\"><\/script>\n\n\t\t\t\t<script src=\"https:\/\/testen-queichheim.de\/wp-content\/plugins\/osm\/js\/OL\/7.1.0\/ol.js?ver=7.1.0\" type=\"text\/javascript\"><\/script>\n\t\t\t\t<script src=\"https:\/\/testen-queichheim.de\/wp-content\/plugins\/osm\/js\/osm-v3-plugin-lib.js?ver=1.0.0\" type=\"text\/javascript\"><\/script>\n\t\t\t\t<script src=\"https:\/\/testen-queichheim.de\/wp-content\/plugins\/osm\/js\/osm-metabox-events.js?ver=1.0.0\" type=\"text\/javascript\"><\/script>\n\t\t\t\t<script src=\"https:\/\/testen-queichheim.de\/wp-content\/plugins\/osm\/js\/osm-startup-lib.js\" type=\"text\/javascript\"><\/script>\n\t\t\t\t<script type=\"text\/javascript\">\n\t\t\t\t\ttranslations['openlayer'] = \"open layer\";\n\t\t\t\t\ttranslations['openlayerAtStartup'] = \"open layer at startup\";\n\t\t\t\t\ttranslations['generateLink'] = \"Der Link zur Karte mit ausgew\u00e4hlten Overlays und angezeigtem Ausschnitt\";\n\t\t\t\t\ttranslations['shortDescription'] = \"Kurzbeschreibung\";\n\t\t\t\t\ttranslations['generatedShortCode'] = \"to get a text control link paste this code in your wordpress editor\";\n\t\t\t\t\ttranslations['closeLayer'] = \"close layer\";\n\t\t\t\t\ttranslations['cantGenerateLink'] = \"put this string in the existing map short code to control this map\";\n\t\t\t  <\/script>\n\n\n\t\t\t  <script type=\"text\/javascript\">\n\t\t\t  vectorM['map_ol3js_1'] = [];\n\t        \n        var raster = getTileLayer(\"osm\",\"NoKey\");\t\t\t\n\n\t\t\t  var map_ol3js_1 = new ol.Map({\n\t\t\t\tinteractions: ol.interaction.defaults.defaults({mouseWheelZoom:false}),\n\t\t\t\tlayers: [raster],\n\t\t\t\ttarget: \"map_ol3js_1\",\n\t\t\t\tview: new ol.View({\n\t\t\t\t  center: ol.proj.transform([0,0], \"EPSG:4326\", \"EPSG:3857\"),\n\t\t\t\t  zoom: 15\n\t\t\t\t})\n\t\t\t  });\n\t\t\t  map_ol3js_1.getView().setCenter(ol.proj.transform([8.1391,49.1978], \"EPSG:4326\", \"EPSG:3857\"));osm_addMarkerLayer(map_ol3js_1,8.1391,49.1978,\"https:\/\/testen-queichheim.de\/wp-content\/plugins\/osm\/icons\/mic_black_military_10.png\",-16,-41,\"\") ; addControls2Map(map_ol3js_1,0,0,3,0,5,6,7,0,1);\nosm_addPopupClickhandler(map_ol3js_1,  \"map_ol3js_1\"); \nosm_addMouseHover(map_ol3js_1); <\/script>\n","protected":false},"excerpt":{"rendered":"<p>bei der Teststation &#8220;Am Sportplatz&#8221; in Queichheim Ab 01.03.2023 entf\u00e4llt die Testpflicht f\u00fcr Besucher im Krankenhaus und Pflegeheime. Wer jedoch trotzdem sicher gehen will und seine Liebenden nicht anstecken oder sch\u00fctzen mag, kann gerne ab 01.03.2023 weiterhin zu uns kommen und zum Selbstkostenbeitrag von 10 Euro einen Test mit Nachweis bekommen. \u00d6ffnungszeiten diese Woche sind [&hellip;]<\/p>\n","protected":false},"author":1,"featured_media":0,"parent":0,"menu_order":0,"comment_status":"closed","ping_status":"closed","template":"","meta":[],"_links":{"self":[{"href":"https:\/\/testen-queichheim.de\/index.php?rest_route=\/wp\/v2\/pages\/9"}],"collection":[{"href":"https:\/\/testen-queichheim.de\/index.php?rest_route=\/wp\/v2\/pages"}],"about":[{"href":"https:\/\/testen-queichheim.de\/index.php?rest_route=\/wp\/v2\/types\/page"}],"author":[{"embeddable":true,"href":"https:\/\/testen-queichheim.de\/index.php?rest_route=\/wp\/v2\/users\/1"}],"replies":[{"embeddable":true,"href":"https:\/\/testen-queichheim.de\/index.php?rest_route=%2Fwp%2Fv2%2Fcomments&post=9"}],"version-history":[{"count":48,"href":"https:\/\/testen-queichheim.de\/index.php?rest_route=\/wp\/v2\/pages\/9\/revisions"}],"predecessor-version":[{"id":337,"href":"https:\/\/testen-queichheim.de\/index.php?rest_route=\/wp\/v2\/pages\/9\/revisions\/337"}],"wp:attachment":[{"href":"https:\/\/testen-queichheim.de\/index.php?rest_route=%2Fwp%2Fv2%2Fmedia&parent=9"}],"curies":[{"name":"wp","href":"https:\/\/api.w.org\/{rel}","templated":true}]}}